igit of u?
5
Let x = 1440 + -88. What is the tens digit of x?
5
Suppose -4*w = 5*l - 13751, -18*l + 22*l - 17182 = -5*w. What is the thousands digit of w?
3
Let m(l) = 21*l + 50 - 8 - 22. What is the hundreds digit of m(5)?
1
Suppose 5*r + 3 = 18, -14 = -5*h - 3*r. Let l be 1 + h - (-3 + 0). Suppose 2*o = 4*a + 28, o + a = l + 18. What is the tens digit of o?
2
Let q(w) = -5*w**3 - 29*w**2 - 6*w - 5. What is the hundreds digit of q(-8)?
7
Let h(m) = m**2 + 23*m - 25. Let j be h(-18). What is the units digit of 3 - 8/4 - j/1?
6
Suppose 0 = k, 0 = 4*b - k + 3*k - 1268. Let j = b - 169. What is the hundreds digit of j?
1
Let z = 17 - 21. Let m(a) = -12*a**3 - a. Let c be m(1). Let n = z - c. What is the units digit of n?
9
Let c(z) = -z**2 - 27*z + 27. Let j be c(-21). Let b = j + -59. What is the tens digit of b?
9
Let r = 37 + -37. Suppose 0*v - v - 3 = r, 270 = 4*b + 2*v. What is the tens digit of b?
6
Let c(v) = 85*v. Let p be c(-1). Let k = -55 - p. What is the tens digit of k?
3
Let r(h) = -h**2 + 12*h - 15. Let v be r(11). Let i be 1*2*(v + 5). Suppose 5*d = -2*q + 36, 3*q - i*d = q + 50. What is the tens digit of q?
2
Suppose 0 = 4*y - 67 + 635. Let h be (2/(-4))/(1/y). Let p = h - 46. What is the units digit of p?
5
Let l = -3926 + 5574. What is the tens digit of l?
4
Suppose -3*g + 13 = -3*l + 5*l, -3*l = 5*g - 22. Let x = g + 21. What is the tens digit of x?
2
Let j(h) = -206*h + 30. What is the units digit of j(-5)?
0
Let v = -149 + 99. Let l = v + 95. What is the tens digit of l?
4
Let q = 877 + -604. What is the tens digit of (-10)/6*4/(-20)*q?
9
Let k(j) = -j**3 - 3*j**2 + j - 12. Let a be k(-4). Suppose a*w + 3*l + 445 = 5*w, 3*w + l = 253. What is the tens digit of w?
8
Let w(h) = 5*h**3 - 17*h**2 + 15*h - 4. What is the hundreds digit of w(6)?
5
Suppose 4*g = -i - 4*i + 319, -5*g + 2*i = -440. Let f = g + -51. What is the tens digit of f?
3
Let s = -280 + 761. What is the hundreds digit of s?
4
Let d be (-1)/(3 - 2)*-2. Let r = 17 + -14. Suppose r*z - d*w - 190 = 0, 144 = 2*z - w + 19. What is the tens digit of z?
6
Suppose -31*l - 6*l = -46398. What is the thousands digit of l?
1
Let q = -15 - -21. Suppose q = k - 27. What is the units digit of k?
3
Let f(r) = -r**2 - 5*r + 6. Suppose -1 + 13 = -2*i. Let k be f(i). Suppose k = -19*u + 24*u - 75. What is the tens digit of u?
1
Suppose 0 = q - 3*k - 23, -2*q + 2*k + 0*k = -38. What is the units digit of (-4 - -1)/((-3)/q)?
7
Suppose 208 = 6*x - 242. What is the tens digit of x?
7
Let n(a) = -2*a**2 + 8*a - 8. Let k be n(4). Let q be (-1 + -75)*4/k. Suppose 4*w - q = 3*w. What is the units digit of w?
8
Let g be 2/(((-10)/3)/5). Let m be 5*2*(4 + g). Suppose 2*o - 6*o - 16 = 0, -m = -3*a - 5*o. What is the tens digit of a?
1
Suppose z = 5*s - 3019, 5*s = -5*z + 1204 + 1791. What is the tens digit of s?
0
Let u(i) = 2*i + 3. Let y be u(1). Suppose y = 5*d - 3*w, -4 = 2*d - 2*w - 2. What is the units digit of d?
4
Let j be (-1)/(-3)*(-12 - -24). Suppose 2*a - 26 = -j*q - 94, -3*q - 3*a = 57. Let w(k) = k**3 + 15*k**2 - 5*k - 17. What is the units digit of w(q)?
8
Suppose 5*f + 28 = 9*f. Suppose -f*n + 168 = -5*n. What is the units digit of n?
4
Let k(b) = -b**3 - 6*b**2 - 9*b - 20. Let l be k(-9). Suppose 2*a - 2*f = 184, -l = -4*a - f + 44. What is the units digit of a?
8
Suppose -5122 = -18*s + 5*s. What is the hundreds digit of s?
3
Suppose 5 = 5*s - 2*b, 2*b = -2*s + s - 11. Let d be 92 + (1 + s - -4). Suppose -4*m + 2*y = 3*y - 98, -4*m - 2*y = -d. What is the units digit of m?
5
Suppose -23395 = -66*y + 4193. What is the tens digit of y?
1
Let i(f) = -2*f**3 - 9*f**2 + 17*f - 13. Let y be i(-8). Suppose v - 4*w - y = 0, 3*v + 4*w + 610 = 5*v. What is the units digit of v?
1
Let m(v) = 82*v**2 - 13*v - 27. What is the units digit of m(4)?
3
Let j(i) = i**3 + 7*i**2 - 24*i - 16. What is the units digit of j(-9)?
8
Let b(h) = -h**3 + 7*h**2 - 6*h + 3. Let r be b(6). Suppose f = -4, 0*l - 5*l = -5*f - 50. Suppose -r*c - l = -6*c. What is the units digit of c?
2
Suppose 21*y - 23*y + 1252 = 2*d, -5*d = -3*y - 3114. What is the units digit of d?
4
Let j(c) = 13*c**3 - 3*c**2 + 4*c + 1. Let g(t) = t**3 - 6*t**2 - 15*t - 6. Let w be g(8). What is the units digit of j(w)?
1
Let a(h) = -20 - 7*h**2 - 1 - 10*h**2 - h - h**3. Let t be a(-17). What is the tens digit of (-1323)/18*t/6?
4
Suppose 1452*o = 1440*o + 1320. What is the tens digit of o?
1
Let v = -1 + 3. Suppose 4*o - 142 = v*h, o + 15 - 67 = -5*h. What is the tens digit of o?
3
Let w = 2 + 14. Let l(r) = r**3 - 16*r**2 - r + 12. Let g be l(w). What is the units digit of (-169)/(-65) + g/(-10)?
3
Let m(g) = -g**2 - 10*g - 10. Let b be m(-9). Let t(h) = -h**3 + 4*h**2 + 2*h + 9. Let q be t(5). What is the units digit of b/(-2) - 27/q?
5
Let c = 181 + -118. Let k = 117 - c. What is the tens digit of k?
5
Suppose -3*v = -2*h + 2*v + 1052, -3*v + 1557 = 3*h. What is the hundreds digit of h?
5
Suppose 3*x - 5*k - 28 = 7, 4*x = 5*k + 40. Suppose j - 4*t + 9 = 0, x*j - 21 = 4*t - 2. What is the units digit of (44/14)/(1/j)?
2
Let x(i) = i**3 + 6*i**2 - 4*i - 1. Suppose 0 = 5*p - 9 - 31. Suppose 3*b + p = -10. What is the units digit of x(b)?
3
Suppose 2*f = j + 5*f - 7, 7 = 3*j - 5*f. Suppose j*p + 4*i - 109 - 143 = 0, -2*i = 8. What is the units digit of p?
7
Suppose -341 - 658 = -3*a. What is the tens digit of a?
3
Let u(y) = 3*y - 4. Let m be u(3). Suppose 79 = 5*q - 3*o - 69, -3*o = m*q - 142. What is the units digit of q?
9
Suppose -6468 = -8*k + q, 3*q + q + 4056 = 5*k. What is the units digit of k?
8
Let w(d) = d**3 + 19*d**2 + 38*d - 63. What is the tens digit of w(-14)?
8
Suppose 9910*x - 7956 = 9908*x. What is the hundreds digit of x?
9
Let k be (-4)/6*(-171)/(-6). Let u = k - -5. What is the units digit of (-38)/u + 4/14?
3
Suppose 2*g - g + 5 = -s, 2*s + 16 = -4*g. Let r be (30/(-9) - g)*-3. Let a(y) = 3*y - 2. What is the units digit of a(r)?
1
Let w(j) = -1 + 1 - 2 + 12 - 43*j. What is the units digit of w(-2)?
6
Let l be (-2 + 2 - 1) + 2. Let a(g) = -2 - 2*g - 1 - l. What is the units digit of a(-6)?
8
Let q(t) = t**3 - 8*t**2 + 10*t - 16. Let c be q(7). Suppose 3*k + c*a = 178, 5*k + 5*a - 96 - 214 = 0. What is the units digit of k?
6
Let c = 29 - 18. Let r = c + -12. What is the tens digit of -3 + 5 - r - -14?
1
Suppose -2*v - 6 = 0, -60*v = -4*c - 64*v + 23356. What is the tens digit of c?
4
What is the units digit of (78 - 2)*(-5)/(-4)?
5
Suppose -4*q + 2*y = -324 - 70, -5*y + 455 = 5*q. What is the tens digit of q?
9
Let d(y) = -315*y + 18. Let n be d(-2). What is the units digit of 8/(-16)*(-1)/1*n?
4
Let x be ((-45)/(-25))/3*45. Suppose x = 2*s - 11. What is the tens digit of s?
1
Suppose -7*y + 3*y = 372. Let l = y + 327. What is the hundreds digit of l?
2
Suppose -12 = -4*p - 4. Suppose 21 = -5*c + p*o + o, 0 = 5*c + 3*o + 9. What is the tens digit of 52 + 6/9*c?
5
Suppose 0 = 5*k - 2*k + 6, -5*u + 3046 = 2*k. What is the tens digit of u?
1
Let m(z) = -z**3 + 5*z**2 - 3*z + 1. Let c be m(3). Let u = 35 + -15. Let n = u - c. What is the units digit of n?
0
Let g(x) = -x**3 - 14*x**2 - 23*x - 20. What is the tens digit of g(-16)?
6
Let p(l) = l - 2*l**2 + 0*l - l**3 + 6*l**2 + 3 + 4*l. Let b be p(5). What is the tens digit of 35 + 0*b/(-9)?
3
Suppose 0 = -w - 0*w + 3*t + 19, -4*w = -2*t - 26. Suppose -771 = w*z - 7*z. What is the hundreds digit of z?
2
Let v(p) be the second derivative of -p**3/3 - 7*p**2 + 9*p. Let r(q) = -q**3 + 7*q**2 + 7*q - 2. Let b be r(8). What is the units digit of v(b)?
6
Let t(o) = 2*o**3 - 10*o**2 + 10*o - 7. Let c be (-3)/(-5) + (-858)/30. Let s = c - -33. What is the units digit of t(s)?
3
Let r = 22 - 12. Let a = r - 5. Suppose 0*x + a = x. What is the units digit of x?
5
Let q be 1/(-2) + 95/(-40)*-4. Let l(c) = c**2 + 8*c - 7. What is the units digit of l(q)?
6
Suppose -g + 4*n = -4*g - 63, 0 = g - n + 28. Let j = g + 26. Suppose -2*o + 3*v = j, 3*v - 7 = -3*o + 14. What is the units digit of o?
4
Let m = -55 + 57. Let s(w) be the first derivative of w**4/4 + 2*w**3/3 - w**2 + 2*w - 1. What is the tens digit of s(m)?
1
Let o = 1194 - 450. What is the tens digit of o?
4
Let g be 1*(-6 - 2)/(-4). Suppose -2*c + 19 = 3*q, -g*q - 2*c + 4 = -4*q. Suppose -q*h - 66 = -2*b, 2 + 2 = h.